 2*q - 0*q, u = 4*t - 2*q. What is the units digit of t?
8
Suppose -d = 7*i - 6*i - 6030, -5*d + 3*i = -30158. What is the tens digit of d?
3
Let y = -36 + 43. Suppose -1328 - 933 = -y*r. Suppose 3*i - 198 = -3*k + 63, -4*k + i = -r. What is the units digit of k?
2
What is the tens digit of (5553/(-4))/(81/(-7560)*14)?
5
Let w be ((-28)/(-35))/(2 - 28/15). What is the units digit of 1*w/(-10)*-205?
3
Let d = -9526 + 20043. What is the thousands digit of d?
0
Let x(z) = 1509*z**2 - 38*z + 17. What is the tens digit of x(5)?
5
Suppose 59*v + 2352 = 53*v. Suppose -3050 = d - 6*d - 2*h, -h = -d + 610. Let f = d + v. What is the tens digit of f?
1
Let z(p) = 2*p**3 + 10*p**2 - 9*p + 51. Let c be z(-12). What is the tens digit of (-2)/((3/c)/1)?
3
Let k(o) = o**3 - 7*o**2 + 9*o - 10. Let y be 6/15 - (-207)/45. Let s be k(y). Let m = s - -140. What is the tens digit of m?
2
Suppose p + 1093 = 3*f, -2*f + 5*p + 417 = -290. Let r = f - 208. What is the hundreds digit of r?
1
Let a = -58 + 90. Suppose h = x + 3*x + a, 0 = -5*h. What is the tens digit of x/28 + 3/((-21)/(-268))?
3
Suppose 25 = -2*d + 7. Let u(s) = 5*s + 52. Let m be u(d). Suppose 148 = 3*r + m. What is the tens digit of r?
4
Let i = -64 + 285. What is the units digit of i?
1
What is the thousands digit of (-388)/(-3)*(-6 - (1 + -49))?
5
Let h be (784/(-7))/8*2. What is the units digit of (-1924)/h + (-2)/21*-3?
9
Let v be 4*(-1)/(-8)*-2. What is the units digit of (-988)/6*v*6/4?
7
Suppose 28*u - 32*u + 12 = 2*n, -3*n + 10 = 2*u. Suppose -r + 667 = 2*g - n*r, 2*g - 5*r = 679. What is the hundreds digit of g?
3
What is the thousands digit of ((-182185)/1756)/(1/(-124))?
2
Let x(r) = 4*r. Let y = 45 + -68. Let l = 44 + y. What is the units digit of x(l)?
4
Suppose -6*d - 56 = -20*d. Suppose -5*g + g + 1164 = 2*i, 0 = -5*g + d*i + 1429. What is the hundreds digit of g?
2
Let i = 27 + -23. Suppose -x - i = -3. What is the hundreds digit of (x - -3)*(-2 + -74)*-1?
1
Let m = 62760 - 43152. What is the units digit of m?
8
Suppose 3*s + 2 = -2*j, -5*j = -6*j - 5*s + 13. Let u = j - -260. What is the units digit of u?
3
Let q = 185 + -185. Suppose q = 12*x - 23*x + 9284. What is the hundreds digit of x?
8
Let s = 40 - 35. Suppose 16 = 3*l + 2*l - q, -s*q = -3*l - 8. What is the units digit of 2 + 12*6/l?
0
Let d(o) be the second derivative of o**4/4 + o**3/2 + o**2 + 14*o. Let q be d(-1). Suppose -k - 2*z - q*z = -59, -4*k + 214 = 5*z. What is the tens digit of k?
5
Let z be (3 + -10 + 6)*(1 + -10). Let k(h) = -2*h - 21. Let j(t) = t**2 + 8*t + 84. Let a(d) = z*k(d) + 2*j(d). What is the hundreds digit of a(9)?
1
Let a be ((-130)/(-3))/(2/3). What is the tens digit of 7 + (a - 8/2)?
6
Suppose 6*u - 8 = 2*u. Let x be 5 + (0 - u - -3). Suppose 38 = x*n - 670. What is the units digit of n?
8
Let s(n) = 442*n - 6627. Let o be s(15). Let k be (-1 - 0)*1 + 7. Suppose -4*m + u - k*u = -141, -5*u = o*m - 107. What is the units digit of m?
4
Suppose 5*r - 5 = 4*s, -4 = -s - 3*r - 1. Suppose -2*c - 4*y + 608 = s, -5*c - 5*y + 169 = -1361. What is the hundreds digit of c?
3
Let g(p) = 4*p - 84. Let v be g(25). Suppose 0 = -4*x + v, 2*x = -3*q - 0*x + 1028. What is the hundreds digit of q?
3
Let f = 486 + 36. Suppose -4*p + 641 = -4*y - 1411, p + 2*y = f. What is the tens digit of p?
1
Let b(a) = -15971 + 16053 + 128*a + 319*a. What is the tens digit of b(2)?
7
Let g(v) = 255*v**2 - 59*v + 36. What is the units digit of g(8)?
4
Let o(a) = -5*a - 28. Let k be o(-7). Suppose -k = 3*t - 31. Let s(n) = n**2 - 9*n + 13. What is the units digit of s(t)?
5
What is the units digit of (441/21)/105 - 38964/(-5)?
3
Let f be (-9)/(-2) + 20/(-40). Suppose 8*p - f*p = -72. Let i = 12 - p. What is the tens digit of i?
3
Let b(s) = 10*s**2 - 4*s + 2. Suppose q + 150 = -4*z - q, 0 = -3*z + 5*q - 106. Let x = z + 40. What is the units digit of b(x)?
0
Let b = 531 - 531. Suppose -m + b*m = -2, -4*s = 4*m - 480. What is the hundreds digit of s?
1
Let j be (-7 - 156/(-18))/((-2)/(-6)). Suppose -j*g + 2494 = 689. What is the units digit of g?
1
Let d(t) = -t + 6*t + 2*t. Let b be d(-1). Let y(z) = -z**3 - 6*z**2 - 5*z + 10. What is the units digit of y(b)?
4
What is the thousands digit of 14 + (163955 + 25)/5?
2
Suppose -106 + 286 = 15*s. Suppose s*h = 1694 + 1162. What is the tens digit of h?
3
Suppose -3389593 = -97*l + 2667989 + 833395. What is the hundreds digit of l?
0
Let i be 3 + (4 - 10/2). Suppose -720 = -i*f - f. What is the units digit of f?
0
Let v = -28104 - -54318. What is the ten thousands digit of v?
2
Let c = 16 - 11. Suppose -w + 5*d + 1072 = d, c*w = d + 5284. Suppose 3*j = -8*j + w. What is the units digit of j?
6
Let d(f) = 17*f**2 + 27. Let u be d(7). Suppose -5*z - m + u = 0, 3*z + 3*m - 533 = -m. What is the units digit of z?
1
Let k(i) = 111*i**3 - 3*i**2 + 5*i + 1. What is the thousands digit of k(5)?
3
Let l(v) = v + 1. Let c be (1*(-1)/1)/1. Let i be l(c). Suppose 3*y = -4*w + 66 - 8, i = -4*w + 5*y + 74. What is the units digit of w?
6
Suppose -10 = 2*q, 2*a + q + 174 = 5. Let n = a - 51. Let v = 111 - n. What is the units digit of v?
4
Let d(z) = z**2 - z - 18. Let n be d(-5). Suppose -4*m = 2*m - n. Suppose -m*w = 4*i - 255 + 71, -2*w + 92 = 2*i. What is the tens digit of i?
4
What is the units digit of 6/(-10) + 5543736/460?
1
Suppose 14*w - 26895 - 68033 - 8504 = 0. What is the thousands digit of w?
7
Let l be ((-16)/(-24))/(1/3). Suppose -6*q + 28 = 3*x - q, 9 = -x + l*q. What is the hundreds digit of (-2638)/(-11) - ((-2)/11)/x?
2
Suppose -3*z = 8*z - 62981 - 25041. What is the hundreds digit of z?
0
Let d(g) be the third derivative of -7/60*g**5 + 0*g + 1/3*g**4 + 0 + 5*g**2 - 1/120*g**6 - 2/3*g**3. What is the units digit of d(-9)?
6
Let h(o) = -o - 9. Let z be h(-13). Suppose 2*b - 94 = -3*p - 2*b, -120 = -4*p - z*b. Let y = p - -17. What is the tens digit of y?
4
Suppose 5285 = 74*q - 69*q - 2*y, 3*q - 4*y - 3157 = 0. What is the tens digit of q?
5
Let g(a) = a**3 - 42*a**2 + 186*a + 211. What is the units digit of g(53)?
8
Suppose -q + 2*p = 16, -32 = 2*q - 5*p + 2. What is the tens digit of (-30)/q*46 + -3?
1
Let i = 629 + -412. Suppose t = 2*w - 7, 3*w = 3*t + 9 - 3. Suppose 2*m = i + w. What is the tens digit of m?
1
Let k(n) = -n**3 + 11*n**2 + 14*n - 4. Let w be k(12). Let x(g) = 11*g - 21. What is the hundreds digit of x(w)?
1
Let l(s) = 1343*s**2 - 43*s + 205. What is the thousands digit of l(5)?
3
Let q = 2620 - 583. Suppose -2049 = -9*k + q. What is the hundreds digit of k?
4
Let i = -709 - -5434. What is the hundreds digit of i?
7
Suppose 61*l + 2*l - 76734 = 0. What is the units digit of l?
8
Suppose 2*q - 7938 = -3*t + 5*q, 3*q = 0. What is the tens digit of t?
4
Let t = -68 - -80. What is the tens digit of (t/7)/((-122)/(-39711))?
5
Let d(n) be the first derivative of n**4/4 + n**3/3 + 2*n - 11. Let b be d(-4). Let w = b - -112. What is the units digit of w?
6
Let v(m) = 2*m**3 - 2*m**2 + 7*m + 5. Suppose 93 = 22*d + 9*d. What is the units digit of v(d)?
2
What is the hundreds digit of ((-4972)/14)/(-1*37/777)?
4
Suppose 3*b + 9 = -6. Let r(d) = -d**3 - 5*d**2 - 2*d - 7. Let i be r(b). Suppose 5*n + 5*o - 305 = 0, i*o - 64 = -n - o. What is the units digit of n?
0
Suppose 0 = 75*g - 70*g - 33920. What is the hundreds digit of g?
7
Let l(f) = -2618*f - 654. What is the units digit of l(-12)?
2
Suppose 5*y + h + 1070 = 0, 2*y + 0*h + 428 = 3*h. Let j = 211 - y. Suppose -85 = -u - 4*k, 3*k = 4*u + 2*k - j. What is the tens digit of u?
0
Let p = -3987 - -5636. Suppose -r + p = -2*c, c = -5*r - 938 + 9183. What is the thousands digit of r?
1
Let r(c) = -458*c + 250. Let y be r(-9). Suppose -6806 = -9*f + y. What is the tens digit of f?
4
What is the hundreds digit of ((-190)/60)/((-1)/((-92328)/(-4)))?
0
Suppose -175*x + 171*x + 3*d + 52650 = 0, -2*x - 2*d + 26304 = 0. What is the units digit of x?
8
Let h(f) = 13*f + 93. Let c be h(-7). Suppose -3*m = -4*s + 2360, -3*s + c*m + 1777 = -2*m. What is the hundreds digit of s?
5
What is the tens digit of 41816 + 12 + (-9 - 12) + 11 + -4?
1
Suppose 18*x = 32*x + 14. What is the hundreds digit of 1179 - x - (120 - 118)?
1
Suppose -31493 - 39159 = -34*y. Suppose 3*x - y = -5*b, 2*x + 4 = -4. What is the units digit of b?
8
Let p = 723